ctors of m?
2, 3, 7
Suppose 54920 = -931*k + 951*k. What are the prime factors of k?
2, 1373
List the prime factors of ((-174)/(-232))/(1/2076).
3, 173
What are the prime factors of -1 + -2 + 467 - -3?
467
Let m(n) = n**2 + 77*n + 82. List the prime factors of m(38).
2, 3, 7, 53
List the prime factors of (2/5 + 0)*(-7620)/(-2).
2, 3, 127
Suppose 24*p - 15*p - 360 = 0. Let n = p - -181. What are the prime factors of n?
13, 17
Suppose -4*i = -7*i + 12. Let q(h) = -h + 4. Let n be q(i). Suppose n = 5*w + 3*b - 40, w - 20 = -0*b - 3*b. List the prime factors of w.
5
Let u = 55 - -57. Suppose -2*a = -5*v + 125, 7*a - 3*a = 4*v - u. List the prime factors of v.
23
Let f(k) be the third derivative of -k**6/120 + k**5/5 + k**4/8 - k**3 - 17*k**2. List the prime factors of f(12).
2, 3, 5
Let f = -16 + 19. Suppose -f*b + 105 = 2*b. List the prime factors of b.
3, 7
Suppose 4*j + 148 = -3*v + 1232, 3*j = -4*v + 1457. Let h be v/3 - 1/(-3). Suppose h = 3*l - 60. What are the prime factors of l?
61
Let z = 258 - 167. Suppose 0 = 3*t - z + 10. What are the prime factors of t?
3
Let u = 92 + -26. List the prime factors of u.
2, 3, 11
Suppose -y - 8 = y. Let m = y - -4. Suppose 0*c + c - 36 = m. List the prime factors of c.
2, 3
Suppose 5*q - 67 = 3*c, -5*c - 5*q - 117 = 8. Suppose 3*p - 3*y + 84 = 0, 5*y - 86 = 3*p - 0*y. What are the prime factors of c/9*p/12?
2, 3
Let p(y) = -y**3 + 2*y**2 + 9*y + 281. List the prime factors of p(0).
281
Let m be ((-64)/(-10))/((-1)/(-5)). Suppose -3*w + 4*w = -m. Let p = w - -60. What are the prime factors of p?
2, 7
Suppose 19*x - 30*x + 21175 = 0. List the prime factors of x.
5, 7, 11
Let t = 38 - 10. List the prime factors of 101/(t/21 - (-5)/(-6)).
2, 101
Suppose -12*i + 9*i + 9 = 0. Let o(u) = 3*u**2 + u + 2. Let m be o(i). Suppose l = -3*l + m. What are the prime factors of l?
2
Let d be -54*((-20)/15 + 2). Let s be 8/d - 56/(-9). Suppose 0 = 2*i - s*i - 5*r + 250, 4*i + 3*r = 254. List the prime factors of i.
5, 13
Suppose 2*l = u - 119, -4*u + 9*u + 2*l = 607. Let i be (4 - (4 - 2)) + 0. Suppose -i*q = -3 - u. What are the prime factors of q?
2, 31
Let x be 259/(-14) - (-3)/(-2). What are the prime factors of -1*2*250/x?
5
Let v = 61 - 60. What are the prime factors of (v - -5 - 4) + 224/2?
2, 3, 19
Let w(d) = 79*d - 2. Let s(h) = 238*h - 6. Let g(u) = 4*s(u) - 11*w(u). List the prime factors of g(1).
3
Suppose -4*b + 138 = w, 182 = w - 3*b + 30. What are the prime factors of w?
2, 73
Suppose 0 = -h + 2, -5766 = 9*u - 13*u + 5*h. List the prime factors of u.
2, 19
Let y(g) = -29*g**2 - 2*g + 1. Let q be y(-4). Let p = -131 - q. List the prime factors of p.
2, 3
Let h be 2*((-2135)/(-2))/5. Suppose 4*l = -4*o + 848, 2*l = -o - 0*o + h. List the prime factors of l.
5, 43
Suppose u + 3*u + 48 = 0. Let o be (-2)/u + (-415)/(-30). What are the prime factors of o/2*(-6)/(-2)?
3, 7
Let q(z) = -293*z - 16. List the prime factors of q(-2).
2, 3, 5, 19
Let t(r) = 2*r + 8. Let x be t(5). Let g = 32 + x. Suppose -g = 6*c - 11*c. List the prime factors of c.
2, 5
Suppose 0 = -4*z + 2*u + 26, u + 8 = z - 0*z. Suppose -4*x - z*y = 78 - 525, 570 = 5*x - 5*y. List the prime factors of x.
113
Let y = 41 - -447. What are the prime factors of y?
2, 61
Let u(p) = 9*p**2 - 43*p + 476. List the prime factors of u(18).
2, 7, 11, 17
Suppose 0 = 5*s + c - 17201, -c + 4*c + 12 = 0. What are the prime factors of s?
3, 31, 37
Suppose 2*z + 4*g - 13 = 29, -3*g - 84 = -4*z. Suppose 0 = 8*w - 11*w + z. Let j(k) = k**2 - k - 10. What are the prime factors of j(w)?
2
Let w be 12/9*261/6. Let y = w - -3. What are the prime factors of y?
61
Let p = -32 - -33. Suppose -4 = -l - p. Let h(r) = 16*r + 3. List the prime factors of h(l).
3, 17
Let l(i) = 3*i**2 - i - 13 + 0*i - i - 7. List the prime factors of l(-6).
2, 5
Let u = -207 + -18. Let f = 391 + u. List the prime factors of f.
2, 83
Suppose -13473 = -72*z + 63*z. What are the prime factors of z?
3, 499
Let n(l) = 15*l**2 + l - 2. Let j be n(1). Suppose 3 = -w + j. Suppose a = -w + 60. List the prime factors of a.
7
Let r = 3157 - 1824. What are the prime factors of r?
31, 43
Let l = 341 - 123. What are the prime factors of l?
2, 109
Let k be (-4)/(3*12/(-9)). Suppose 0 = 4*g - 3*g + k, g = 2*d - 147. What are the prime factors of d?
73
Suppose -3*j = -u + 1872, -4*u + 2471 = -4*j - 4977. List the prime factors of u.
3, 619
Let o be (((-2)/5)/1)/(1/(-190)). Let i be 5 - (2 - 0/1). Suppose i*t = -t + o. List the prime factors of t.
19
Let d be (60 + -1)*(-22 + 19). Let f = -93 - d. Suppose -3*g - 4 = -g, 4*j = -4*g + f. List the prime factors of j.
23
Let t = 3 - -3. Let p(y) = 17*y + 3. Let s be p(0). Suppose s*z - 72 = -3*r, r = -t*z + 2*z + 84. What are the prime factors of z?
2, 5
Let d(y) = y**3 - y**2 + 4*y + 20. Let f be d(-6). Let i = -176 - f. What are the prime factors of i?
2, 5
Let v = 4 + 2. Let u(p) be the third derivative of -p**6/120 + p**5/12 + 7*p**4/24 + 2*p**3/3 + p**2. List the prime factors of u(v).
2, 5
List the prime factors of (-1724)/(-3) + (-64)/96.
2, 7, 41
Suppose 0*t + h = t - 17, -t + 21 = -5*h. Suppose 4*d + t = 244. List the prime factors of d.
3, 19
Suppose -7 = -4*x + 1. Suppose j = 5*g - 14, -7*g + x*g + 2*j + 13 = 0. List the prime factors of 8/18*g*3.
2
Let a(w) = -37*w + 16. Let x(h) = 19*h - 8. Let i(u) = -6*a(u) - 13*x(u). What are the prime factors of i(-2)?
2, 29
Let s be (-13380)/18*-6*(-4)/(-20). Suppose -36 + s = 4*o. What are the prime factors of o?
2, 107
Suppose -16*w + 5250 = -w. List the prime factors of w.
2, 5, 7
Let b be (8 + 0)*6/12. Suppose 0 = 3*u - 3*h, -h - 6 = -b*h. Suppose -u = 5*s - 17. What are the prime factors of s?
3
Let o(t) = t**2 - 11*t + 250. List the prime factors of o(10).
2, 3, 5
Suppose 5*v - 4*v - 690 = -5*b, 0 = -v. What are the prime factors of b?
2, 3, 23
Let s(u) = u + 12. Let i be s(-11). Let q(n) = -i + n**2 + 6 - 12*n + 11. List the prime factors of q(15).
61
Let j = 163 - -59. Suppose 2*y - 72 = j. List the prime factors of y.
3, 7
Suppose 133 = 6*x - 635. Suppose 3*d - x = -d. What are the prime factors of d?
2
Let j(x) = -x - 7. Let l be j(-11). Let t(v) = v**2 + 3*v + 8. What are the prime factors of t(l)?
2, 3
Let n = 4626 - 3171. What are the prime factors of n?
3, 5, 97
Let d(g) = 35*g - 61. List the prime factors of d(22).
709
Let m be (-952)/(-70)*58*-5. List the prime factors of (-4)/(-10) + m/(-40).
3, 11
Let t be (-246)/(-3) + (-9 + 4 - -4). Suppose 0 = -6*d + 285 + t. What are the prime factors of d?
61
Let o = -28 - -30. Let h = -1 + 3. What are the prime factors of (3/h)/(o/28)?
3, 7
Let u be (1953/(-12))/((-1)/4). List the prime factors of (u/(-14))/(1 + 3/(-2)).
3, 31
Let q = 1020 + -36. List the prime factors of q.
2, 3, 41
Suppose 5*d - 4885 = -5*y, -4*d - 3*y = -5284 + 1373. What are the prime factors of d?
2, 5, 7
Let r(o) = o**3 + o - 1. Let x be r(1). What are the prime factors of x - (4 + -3)*-18?
19
Let k(p) = -170*p - 283. List the prime factors of k(-20).
3, 1039
Suppose 4*i - 2006 = 2*w, -43*i + 46*i + 4*w = 1532. List the prime factors of i.
2, 3, 7
Suppose -4*n = -3*w - 289, 3*n + 5*w = 40 + 213. Let i = n - 60. List the prime factors of i.
2
Let p = -13 + 84. Suppose -3*s + 4 = -s, -j + p = -s. What are the prime factors of j?
73
What are the prime factors of 1/(-1) - 4/(8/(-402))?
2, 5
List the prime factors of 446 + 3 + 12/4.
2, 113
Suppose 3*s - 3 = -5*n, -5*n + 28 = -3*s + 1. Suppose -n = -d - 0*d. Suppose -o = d*o - 232. List the prime factors of o.
2, 29
Let v(k) = 33*k + 1. Let a(x) be the first derivative of 33*x**2/2 + 2*x - 4. Let y(p) = -3*a(p) + 4*v(p). List the prime factors of y(1).
31
Let t = 93 + -93. What are the prime factors of 26 - (t + (4 - 3))?
5
Suppose 2*y = 5*y - 21. Suppose -14 = 2*x + 5*q, y*q - 3*q = -3*x - 7. Suppose 4*s - 11 = -x. What are the prime factors of s?
2
Let n = 34 - -46. Suppose -5*z + n = -400. Let p = z + -67. List the prime factors of p.
29
Let s = 13 - 10. Let z(l) = -3*l + 3*l + 4*l**3 + l - 2*l + s*l**2. What are the prime factors of z(2)?
2, 3, 7
Suppose 3*w - 25 = -4*i, i = -w - 3 + 10. Suppose 0 = -3*k + 18 - w. List the prime factors of k.
5
Let f be (-40)/30 + 152/6. Suppose -h + 2*m = -128, 0 = -2*h + m + 235 + f. List the prime